t l(n) be the first derivative of o(n). Give l(5).
2
Let h(b) = 7*b**2 - 8*b**2 - 2*b + 7 - 4*b. Suppose f = 3*f + 12. Determine h(f).
7
Let t(h) be the second derivative of -h**4/12 - h**3/2 - h**2/2 - h. Determine t(-2).
1
Let q be 2/8 + 7/4. Let w(r) = -q - 2*r + r - 1. Suppose -8*x + 19 = -5. What is w(x)?
-6
Let t(s) = -s**3 + 5*s**2 - 5*s - 4. Let p be ((-2)/(2 - 0))/((-1)/4). Give t(p).
-8
Let g(v) = -3*v + 2. Let a(b) = -6*b + 4. Let l(z) = 6*a(z) - 13*g(z). Calculate l(-4).
-14
Let o be 3/4 + (-8)/(-32). Let d(h) = -4*h**2 - h. Give d(o).
-5
Let k = -71 + 82. Let f(z) = -z**3 + 11*z**2 + 2*z - 16. Determine f(k).
6
Suppose 9 - 1 = -2*r, 0 = 5*h + r - 21. Let i be 2/(h/((-45)/(-6))). Let a(z) = i*z**2 + 1 - z + 6*z**3 - 5*z**3 - 5*z**2. Determine a(3).
7
Suppose 12*m + 14 = -46. Let x(a) = 0 + 1 + 4*a - 4*a**2 - a**3 - 6. Let o be x(m). Let y(z) = z - 4. Determine y(o).
-4
Suppose 5*h - 44 = -4*m, -m = 3*h - 2 - 16. Let f = 4 - m. Let n(s) = 4*s + 2. What is n(f)?
-6
Let p(x) = x - 3. Suppose c + 2*l - 1 = -0, 2*l - 4 = -4*c. Let g = -8 - c. Let t(m) = 4*m - 12. Let r(w) = g*p(w) + 2*t(w). Determine r(5).
-2
Let s be ((-13 - -3)/10)/(2/10). Let c(g) = 7*g**2 + 6*g - 1. Let q(f) = 13*f**2 + 12*f - 1. Let k(u) = -11*c(u) + 6*q(u). Give k(s).
0
Let w(q) = q**3 - 7*q**2 - q + 4. Let u(p) = p**3 - 7*p**2 - p + 4. Let b(j) = -7*u(j) + 6*w(j). Give b(7).
3
Let h(f) be the second derivative of f**3/6 + 4*f**2 - 7*f. Give h(0).
8
Let z(m) = -10*m**3 - 2*m**2 + 2*m - 1. Suppose 4*s - 3 = s. Suppose 5*i - s = 4. Calculate z(i).
-11
Let t(a) = -2*a - 2 - 3 + 0*a. Let k be (-419)/4 + (-18)/(-24). Let b be k/24 - (-1)/3. Calculate t(b).
3
Suppose 4*p - 6 = 10. Let x(r) = -r**3 + 5*r**2 - 2*r - 1. What is x(p)?
7
Let z be 5/3 + (-3)/(-9). Let v(q) = -q**2 + 8*q + 6. Let s(m) = 5*m**2 - 41*m - 30. Let b(j) = z*s(j) + 11*v(j). Give b(6).
6
Let r = -4 + 4. Suppose 2*q + 2*q = r. Let v = 1 + q. Let o(u) = 9*u**2 + 2*u - 1. Calculate o(v).
10
Let z be -8 + 11 + -1 + 3. Let h(d) = -9*d + 8*d - 4 - z*d + d**3 - 1 + 3*d**2. Determine h(-4).
3
Let b(s) = -2 - 4*s + 2*s**2 - 2 - s**2. Determine b(6).
8
Let s = -39 + 41. Let p(d) = 4*d**2 - 3*d + 1. What is p(s)?
11
Let a(s) = -5*s - 3. Let m(x) = -26*x - 16. Let v(q) = -16*a(q) + 3*m(q). Let d = -31 + 35. Give v(d).
8
Let j = 2 - 2. Suppose j = u - 6*u. Let f(v) = -3 - 2*v**2 + v**2 - v + 2*v**2. Calculate f(u).
-3
Let p = 41 - 46. Let f(b) = -b**3 - 4*b**2 - 3*b - 5. Calculate f(p).
35
Let r(n) = -n**3 - 6*n**2 - 5*n + 3. Let j be 5*3/(3 - 6). Determine r(j).
3
Let m(w) = -7*w**3 - 7*w**2 - 8*w - 3. Let n(g) = -15*g**3 - 14*g**2 - 16*g - 5. Let t(i) = -13*m(i) + 6*n(i). Let p = -1 + -5. Calculate t(p).
-3
Let g(o) be the first derivative of -o**5/60 - 5*o**4/24 - o**3/3 + 3*o**2/2 - 2. Let d(q) be the second derivative of g(q). Give d(-4).
2
Suppose -5*k + 10 = -0. Suppose 1 = k*w - 1. Let y(f) = 0 - 853*f + 3*f**2 + 851*f + 1. Calculate y(w).
2
Let b = -45 + 47. Let a(q) = q**3 - 2*q**2 - 2*q + 2. Determine a(b).
-2
Let z(i) be the second derivative of -1/4*i**4 + 0 - 5*i + i**2 - 1/3*i**3. Let v(b) = -b**3 + 6*b**2 - b + 4. Let t be v(6). Calculate z(t).
-6
Let n(c) = 6*c**3 + 2*c**2 - c - 3. Let y(t) = 5*t**3 + t**2 - 3. Let x(l) = -4*n(l) + 5*y(l). Calculate x(2).
1
Suppose -3*z + 0*z + 12 = 0. Let g(i) = 1 + i**2 + 2*i - 4 - z*i. What is g(3)?
0
Let o(p) be the third derivative of p**9/60480 - p**8/3360 + p**7/1260 - p**5/30 - 4*p**2. Let d(v) be the third derivative of o(v). Calculate d(5).
-5
Let d(f) = -f**2 - 6*f. Let g(x) = 2*x - 4*x + 4 + 0*x. Let p = 9 + -4. Let z be g(p). Determine d(z).
0
Let o(a) be the first derivative of -a**4/4 - 2*a**3/3 + a**2 - 3*a - 2. Suppose -c + 2 = -0*c. Suppose y - c*y - 3 = 0. Calculate o(y).
0
Let u(y) = -y**2. Let p be u(-2). Let t(o) be the third derivative of 1/3*o**3 - 3*o**2 - 1/24*o**4 + 0 + 0*o. Give t(p).
6
Suppose -6*d - 56 + 20 = 0. Suppose 3*t - 25 = -2*t. Let m(k) = -2*k**3 + 7*k - 3*k**3 - t*k**2 + 4*k**3. Determine m(d).
-6
Suppose -2*c - 3*l = -5*l - 8, 3*l + 12 = 0. Let q be 2/1*6/12. Suppose -x + c = q. Let k(o) = -o + 1. Give k(x).
2
Let i = -8 + 1. Let c(q) = -7 + 9*q + 2*q**2 - 3*q**2 - 17*q. Let b be c(i). Let z(m) = -m**2 + m + 7. Determine z(b).
7
Let i be 8/3*3/2. Let x(w) = 5*w**2 + w + 1. Let m(n) = 11*n**2 + n + 3. Let c(q) = -6*m(q) + 13*x(q). Give c(i).
7
Let q(k) = -2*k. Suppose -4*n + 23 = -v, 0 = 3*n + v - 0*v - 12. Calculate q(n).
-10
Let a be 30 - (-1 - 0) - 1. Let k be (-43)/(-5) - (-12)/a. Let d be (k/6)/(6/4). Let v(j) = j**3 + j - 1. Determine v(d).
1
Let s(f) = f**2 - 6*f + 2. Let c = 5 + -3. Let j be 7/c + (-4)/(-8). Give s(j).
-6
Let z(q) = -3*q + 12. Let n(h) = h - 4. Suppose -w - 9 = 2*w. Let u(k) = w*z(k) - 8*n(k). Determine u(2).
-2
Let m(y) = -y**2 - 268 - 5*y + 268. What is m(-6)?
-6
Let n(f) = -2*f**3 + 4 - f + f**3 + 4*f**2 + 3. Let h be n(4). Let b(d) = d**3 - 3*d**2 - 3*d - 1. Determine b(h).
-10
Suppose z = -3*z - 3*x - 4, 4*x = -2*z - 2. Let m(r) = 6*r**2 + 2*r + 1. Determine m(z).
5
Let i(o) = -2 + 2 + 2*o + 0 - 4. Determine i(-6).
-16
Let z be (-1)/(((-1)/(-1))/(-5)). Let u(x) = 0*x - x**2 + z + 0*x - 2*x. Give u(-4).
-3
Let w(a) be the second derivative of 1/12*a**4 + 3*a + 0 + 0*a**2 + 3/10*a**5 + 1/6*a**3. What is w(-1)?
-6
Let x(p) = -p**3 + 5*p**2 - 6*p + 3. Let q(f) = -f. Let j be q(-4). What is x(j)?
-5
Let b(p) = -p + 5. Let q = -3 + 7. Calculate b(q).
1
Let t(r) be the second derivative of r**4/12 + r**3 - 5*r**2/2 - 8*r. Let u be 12/15*(-30)/4. Give t(u).
-5
Suppose 0 = -7*k + 3*k - 24. Let f(o) = -4*o + 55 + 5*o - 54. Give f(k).
-5
Let j(s) be the third derivative of s**2 - 5/24*s**4 + 0 + 0*s**3 + 0*s. Suppose -5*l + 10 + 5 = -5*y, 0 = -5*y - 2*l - 8. What is j(y)?
10
Suppose a - 27 = 2*f - 7*f, a + 8 = 2*f. Let y(h) = 0*h**2 + 3*h + 3*h**2 - f*h**2 + 2. Calculate y(3).
-7
Let w(m) = m**2 + 5*m + 3. Suppose 2*i = -3*i + 10. Let a = -1 - 3. Let b be (5/i)/(a/8). Determine w(b).
3
Let m(w) = -2 + w + 1 - 3. Suppose 0 = 9*u - 26*u. What is m(u)?
-4
Let j(h) be the first derivative of 1/2*h**2 + 3 - h - 1/3*h**3. Determine j(2).
-3
Let j(t) = -t**3 + t**2 + 3*t + 1. Let l = 10 + -7. Determine j(l).
-8
Let g(y) = 7*y - 1. Let t be (11/4 - 3) + (-3)/4. Determine g(t).
-8
Let p be (-4)/2*2/(-4). Let m(i) = 6*i - 2*i + p - 5*i. Give m(4).
-3
Suppose -3 = -2*y + 1. Suppose y = -2*i - 2. Let t(f) = 2*f**3 + 4*f**2 + f - 2. Determine t(i).
-4
Suppose -4*n - n + 13 = -c, -5*c - n - 13 = 0. Let i(y) be the second derivative of -1/12*y**4 - y - 1/2*y**3 - 3/2*y**2 + 0. Give i(c).
-3
Suppose -20 = -4*r, -3*r + 12 = 3*f - 0*r. Suppose 0 = -z + 3*z. Let l be (-1 - f)/(2 - z). Let s(q) = -q**2 + q + 1. Determine s(l).
1
Let i be 4 + (4 - -1) + -4. Suppose -10 = -5*u + i. Let h(g) = -g**3 + 3*g**2 - 2*g + 2. What is h(u)?
-4
Suppose d + 4 = 1. Let s(v) = v + 7. Determine s(d).
4
Let c be (1 - 5/(-10))*2. Let o(a) be the second derivative of a - 2*a**2 + 0 + 1/3*a**c + 1/6*a**4 - 1/20*a**5. Calculate o(3).
-7
Let s = 7 - 5. Let c(x) = -2 + 1 + s - 2*x. What is c(1)?
-1
Let h be 24/48*(-3 - -1). Let d(w) = 4*w**2 + w. Determine d(h).
3
Let b(p) be the second derivative of -p**4/12 + p**3/2 + 5*p**2/2 + 12*p. What is b(5)?
-5
Let u(q) = q**2 - 1. Suppose -4*m + 4 + 4 = 0. Determine u(m).
3
Let w = 16 + -11. Let d(i) be the second derivative of i**4/12 - i**3/2 - 31*i + 1. Determine d(w).
10
Suppose -6*t = -3*t + 18. Let v(q) = q**2 + 7*q - 1. What is v(t)?
-7
Let r(g) = -3*g - g + 4*g + 4*g. What is r(1)?
4
Let i(y) = -y**3 + 2*y**2 + 12*y - 2. Let v(g) = g**3 - 3*g**2 - 11*g + 2. Let d(o) = -2*i(o) - 3*v(o). What is d(6)?
16
Let z(u) be the first derivative of -u**4/4 + 3*u**3 + u**2 - 11*u - 24. Give z(9).
7
Suppose 3*x - 5*x - 8 = 0. Let j(r) be the second derivative of -r**5/120 - r**4/6 - r**3/3 + r. Let m(g) be the second derivative of j(g). Give m(x).
0
Suppose -p - 2*p - 3 = 0. Let l(o) be the first derivative of o**2 + 4 - 1 + o**2. Determine l(p).
-4
Let u(y) = y + 8. Let b be u(-6). Let l be (-4)/(-12) - b/6. Let f(m) = -m**3 + m + 7. Determine f(l).
7
Let f(o) = -o - 8. Let y(x) = -6 + 5 + 2. Let r(c) = 5*f(c) + 40*y(c). Determine r(1).
-5
Suppose -3*j - 102 = -2*j. Let b be (-4)/18 + j/27. Let t(s) = -